{"id":536,"date":"2024-04-22T11:41:45","date_gmt":"2024-04-22T11:41:45","guid":{"rendered":"http:\/\/m-ravenstein.de\/?page_id=536"},"modified":"2024-06-08T09:23:46","modified_gmt":"2024-06-08T09:23:46","slug":"produktionen","status":"publish","type":"page","link":"https:\/\/m-ravenstein.de\/?page_id=536","title":{"rendered":"Produktionen"},"content":{"rendered":"\n<div id=\"wp-block-themeisle-blocks-advanced-columns-4845f905\" class=\"wp-block-themeisle-blocks-advanced-columns alignfull has-1-columns has-desktop-equal-layout has-tablet-equal-layout has-mobile-equal-layout has-vertical-unset\"><div class=\"wp-block-themeisle-blocks-advanced-columns-overlay\"><\/div><div class=\"innerblocks-wrap\">\n<div id=\"wp-block-themeisle-blocks-advanced-column-7991d263\" class=\"wp-block-themeisle-blocks-advanced-column\">\n<h1 id=\"wp-block-themeisle-blocks-advanced-heading-78f9d0f7\" class=\"wp-block-themeisle-blocks-advanced-heading wp-block-themeisle-blocks-advanced-heading-78f9d0f7\">Produktionen<\/h1>\n<\/div>\n<\/div><\/div>\n\n\n\n<div id=\"wp-block-themeisle-blocks-advanced-columns-4a5a872c\" class=\"wp-block-themeisle-blocks-advanced-columns alignfull has-1-columns has-desktop-twoOne-layout has-tablet-equal-layout has-mobile-collapsedRows-layout has-reverse-columns-mobile has-vertical-top\"><div class=\"wp-block-themeisle-blocks-advanced-columns-overlay\"><\/div><div class=\"innerblocks-wrap\">\n<div id=\"wp-block-themeisle-blocks-advanced-column-f1b69168\" class=\"wp-block-themeisle-blocks-advanced-column\">\n<div id=\"wp-block-themeisle-blocks-icon-list-ebbb8fec\" class=\"wp-block-themeisle-blocks-icon-list\">\n<div id=\"wp-block-themeisle-blocks-icon-list-item-7fde58dd\" class=\"wp-block-themeisle-blocks-icon-list-item\"><i class=\"fas fa-angle-right wp-block-themeisle-blocks-icon-list-item-icon\"><\/i><p class=\"wp-block-themeisle-blocks-icon-list-item-content\">2008 Mozarts \u201eBastien und Bastienne\u201c in einer Fassung f\u00fcr 9 Lehramtsstudierende.<\/p><\/div>\n\n\n\n<div id=\"wp-block-themeisle-blocks-icon-list-item-756428b0\" class=\"wp-block-themeisle-blocks-icon-list-item\"><i class=\"fas fa-angle-right wp-block-themeisle-blocks-icon-list-item-icon\"><\/i><p class=\"wp-block-themeisle-blocks-icon-list-item-content\">2009 \u201eAnatevka\u201c<\/p><\/div>\n\n\n\n<div id=\"wp-block-themeisle-blocks-icon-list-item-5d4781ed\" class=\"wp-block-themeisle-blocks-icon-list-item\"><i class=\"fas fa-angle-right wp-block-themeisle-blocks-icon-list-item-icon\"><\/i><p class=\"wp-block-themeisle-blocks-icon-list-item-content\">2010 Szenische Version von Schumanns \u201eLiederalbum f\u00fcr die Jugend op 79\u201c<\/p><\/div>\n\n\n\n<div id=\"wp-block-themeisle-blocks-icon-list-item-e58f63e9\" class=\"wp-block-themeisle-blocks-icon-list-item\"><i class=\"fas fa-angle-right wp-block-themeisle-blocks-icon-list-item-icon\"><\/i><p class=\"wp-block-themeisle-blocks-icon-list-item-content\">2011 Bunte Collage aus Operettenausschnitten als Ratespiel mit dem Titel &#8220;Scharade&#8221;<\/p><\/div>\n\n\n\n<div id=\"wp-block-themeisle-blocks-icon-list-item-01547ce6\" class=\"wp-block-themeisle-blocks-icon-list-item\"><i class=\"fas fa-angle-right wp-block-themeisle-blocks-icon-list-item-icon\"><\/i><p class=\"wp-block-themeisle-blocks-icon-list-item-content\">2013 &#8220;Frauen, M\u00e4nner, Liebe und Leben&#8221;. Schumanns ber\u00fchmter Liederzyklus eingearbeitet in einen gr\u00f6\u00dferen Zusammenhang von 25 Liedern. Begegnungen, Beziehungen und Trennungen von Mann und Frau.<\/p><\/div>\n\n\n\n<div id=\"wp-block-themeisle-blocks-icon-list-item-10318089\" class=\"wp-block-themeisle-blocks-icon-list-item\"><i class=\"fas fa-angle-right wp-block-themeisle-blocks-icon-list-item-icon\"><\/i><p class=\"wp-block-themeisle-blocks-icon-list-item-content\">2014 \u201eHurra, die Toten reiten schnell\u201c; Pasticcio aus Grusel-Balladen<\/p><\/div>\n\n\n\n<div id=\"wp-block-themeisle-blocks-icon-list-item-1bd3aab5\" class=\"wp-block-themeisle-blocks-icon-list-item\"><i class=\"fas fa-angle-right wp-block-themeisle-blocks-icon-list-item-icon\"><\/i><p class=\"wp-block-themeisle-blocks-icon-list-item-content\">2015 \u201eBeggar\u00b4s Opera\u201c, zusammengestellt aus Pepuschs barockem Original, der Bearbeitung von Benjamin Britten und der<\/p><\/div>\n\n\n\n<div id=\"wp-block-themeisle-blocks-icon-list-item-7e42bed4\" class=\"wp-block-themeisle-blocks-icon-list-item\"><i class=\"fas fa-angle-right wp-block-themeisle-blocks-icon-list-item-icon\"><\/i><p class=\"wp-block-themeisle-blocks-icon-list-item-content\">2017 Telemann: \u201eDon Quixote bei der Hochzeit des Camacho\u201c<\/p><\/div>\n\n\n\n<div id=\"wp-block-themeisle-blocks-icon-list-item-c1980213\" class=\"wp-block-themeisle-blocks-icon-list-item\"><i class=\"fas fa-angle-right wp-block-themeisle-blocks-icon-list-item-icon\"><\/i><p class=\"wp-block-themeisle-blocks-icon-list-item-content\">2018 \u201eWas jetzt passiert, passiert uns!\u201c Ein politischer Abend mit Liedern \u00fcber die Freiheit vom Barock bis Bob Dylan und Georg Kreisler.<\/p><\/div>\n\n\n\n<div id=\"wp-block-themeisle-blocks-icon-list-item-34b4936a\" class=\"wp-block-themeisle-blocks-icon-list-item\"><i class=\"fas fa-angle-right wp-block-themeisle-blocks-icon-list-item-icon\"><\/i><p class=\"wp-block-themeisle-blocks-icon-list-item-content\">2019: \u201eVon G\u00f6ttern, Helden und Losern\u201c. Arie Antiche eingebettet in griechische Sagen, ein pralles, buntes Abenteuer!<\/p><\/div>\n\n\n\n<div id=\"wp-block-themeisle-blocks-icon-list-item-dc02c36e\" class=\"wp-block-themeisle-blocks-icon-list-item\"><i class=\"fas fa-angle-right wp-block-themeisle-blocks-icon-list-item-icon\"><\/i><p class=\"wp-block-themeisle-blocks-icon-list-item-content\">2020: \u201eDer b\u00fcrgerliche Salon\u201c, ein Abend mit Ensembles inszeniert als Salon<\/p><\/div>\n\n\n\n<div id=\"wp-block-themeisle-blocks-icon-list-item-b5439507\" class=\"wp-block-themeisle-blocks-icon-list-item\"><i class=\"fas fa-angle-right wp-block-themeisle-blocks-icon-list-item-icon\"><\/i><p class=\"wp-block-themeisle-blocks-icon-list-item-content\">2021: Ravels \u201eL\u00b4Enfant et les Sortil\u00e8ges\u201c. Die Kinderoper Covid-gerecht inszeniert mit Bildprojektionen, eingespielten und einzeln visualisierten Ch\u00f6ren und Plexiglasscheiben auf der B\u00fchne. Oben der Link zur Aufzeichnung. YOUTUBE -> <a href=\"https:\/\/youtu.be\/5jgY-M_Q5w8?si=xPM6cuUd8vgAAyF4\" target=\"_blank\" rel=\"noreferrer noopener\">CLICK<\/a><\/p><\/div>\n\n\n\n<div id=\"wp-block-themeisle-blocks-icon-list-item-4d091b07\" class=\"wp-block-themeisle-blocks-icon-list-item\"><i class=\"fas fa-angle-right wp-block-themeisle-blocks-icon-list-item-icon\"><\/i><p class=\"wp-block-themeisle-blocks-icon-list-item-content\">2023: Benatzkys \u201eIm wei\u00dfen R\u00f6ssl\u201c, der ultimative Spa\u00df!  ***Aus urheberrechtlichen Gr\u00fcnden k\u00f6nnen die Links zu Demo-Videos nur auf Mail-Anfrage zugeschickt werden.<\/p><\/div>\n<\/div>\n<\/div>\n<\/div><\/div>\n\n\n\n<div id=\"wp-block-themeisle-blocks-advanced-columns-82d674e2\" class=\"wp-block-themeisle-blocks-advanced-columns alignfull has-1-columns has-desktop-equal-layout has-tablet-equal-layout has-mobile-equal-layout has-vertical-unset\"><div class=\"wp-block-themeisle-blocks-advanced-columns-overlay\"><\/div><div class=\"innerblocks-wrap\">\n<div id=\"wp-block-themeisle-blocks-advanced-column-1845f8e5\" class=\"wp-block-themeisle-blocks-advanced-column\">\n<div id=\"wp-block-themeisle-blocks-slider-5e9087ab\" class=\"wp-block-themeisle-blocks-slider glide\" data-per-view=\"2\" data-gap=\"1\" data-peek=\"0\" data-autoplay=\"true\" data-height=\"500px\" data-hide-arrows=\"false\"><div class=\"glide__track\" data-glide-el=\"track\"><div class=\"glide__slides\"><div class=\"wp-block-themeisle-blocks-slider-item-wrapper glide__slide\" tabindex=\"0\"><figure><img decoding=\"async\" class=\"wp-block-themeisle-blocks-slider-item\" src=\"http:\/\/m-ravenstein.de\/wp-content\/uploads\/2024\/04\/KS.jpg\" alt=\"\" title=\"\" data-id=\"337\"\/><figcaption>L\u00b4Enfant et les Sortil\u00e8ges<\/figcaption><\/figure><\/div><div class=\"wp-block-themeisle-blocks-slider-item-wrapper glide__slide\" tabindex=\"0\"><figure><img decoding=\"async\" class=\"wp-block-themeisle-blocks-slider-item\" src=\"http:\/\/m-ravenstein.de\/wp-content\/uploads\/2024\/04\/Bild13.jpg\" alt=\"\" title=\"\" data-id=\"532\"\/><figcaption>Don Quixote<\/figcaption><\/figure><\/div><div class=\"wp-block-themeisle-blocks-slider-item-wrapper glide__slide\" tabindex=\"0\"><figure><img decoding=\"async\" class=\"wp-block-themeisle-blocks-slider-item\" src=\"http:\/\/m-ravenstein.de\/wp-content\/uploads\/2024\/04\/KS2.jpg\" alt=\"\" title=\"\" data-id=\"338\"\/><figcaption>Was jetzt passiert&#8230;<\/figcaption><\/figure><\/div><div class=\"wp-block-themeisle-blocks-slider-item-wrapper glide__slide\" tabindex=\"0\"><figure><img decoding=\"async\" class=\"wp-block-themeisle-blocks-slider-item\" src=\"http:\/\/m-ravenstein.de\/wp-content\/uploads\/2024\/04\/KS3-1.jpg\" alt=\"\" title=\"\" data-id=\"339\"\/><figcaption>Der b\u00fcrgerliche Salon<\/figcaption><\/figure><\/div><div class=\"wp-block-themeisle-blocks-slider-item-wrapper glide__slide\" tabindex=\"0\"><figure><img decoding=\"async\" class=\"wp-block-themeisle-blocks-slider-item\" src=\"http:\/\/m-ravenstein.de\/wp-content\/uploads\/2024\/04\/vor-Orgel-2.jpg\" alt=\"\" title=\"\" data-id=\"342\"\/><figcaption>Von G\u00f6ttern, Helden und Losern<\/figcaption><\/figure><\/div><div class=\"wp-block-themeisle-blocks-slider-item-wrapper glide__slide\" tabindex=\"0\"><figure><img decoding=\"async\" class=\"wp-block-themeisle-blocks-slider-item\" src=\"http:\/\/m-ravenstein.de\/wp-content\/uploads\/2024\/04\/sw-1.jpg\" alt=\"\" title=\"\" data-id=\"341\"\/><figcaption>Frauen, M\u00e4nner, Liebe und Leben<\/figcaption><\/figure><\/div><div class=\"wp-block-themeisle-blocks-slider-item-wrapper glide__slide\" tabindex=\"0\"><figure><img decoding=\"async\" class=\"wp-block-themeisle-blocks-slider-item\" src=\"http:\/\/m-ravenstein.de\/wp-content\/uploads\/2024\/04\/Gruppe-1.jpg\" alt=\"\" title=\"\" data-id=\"330\"\/><figcaption>Im Wei\u00dfen R\u00f6ssl<\/figcaption><\/figure><\/div><div class=\"wp-block-themeisle-blocks-slider-item-wrapper glide__slide\" tabindex=\"0\"><figure><img decoding=\"async\" class=\"wp-block-themeisle-blocks-slider-item\" src=\"http:\/\/m-ravenstein.de\/wp-content\/uploads\/2024\/05\/P2370846-scaled-e1714839768819.jpg\" alt=\"\" title=\"\" data-id=\"723\"\/><figcaption>Von G\u00f6ttern, Helden und Losern<\/figcaption><\/figure><\/div><div class=\"wp-block-themeisle-blocks-slider-item-wrapper glide__slide\" tabindex=\"0\"><figure><img decoding=\"async\" class=\"wp-block-themeisle-blocks-slider-item\" src=\"http:\/\/m-ravenstein.de\/wp-content\/uploads\/2024\/05\/IMG_5294-scaled-e1714839944862.jpeg\" alt=\"\" title=\"\" data-id=\"724\"\/><figcaption>L\u00b4Enfant et les Sortil\u00e8ges<\/figcaption><\/figure><\/div><div class=\"wp-block-themeisle-blocks-slider-item-wrapper glide__slide\" tabindex=\"0\"><figure><img decoding=\"async\" class=\"wp-block-themeisle-blocks-slider-item\" src=\"http:\/\/m-ravenstein.de\/wp-content\/uploads\/2024\/05\/bbc93c93-d04f-423d-ab25-9bc4ae554c3b.jpg\" alt=\"\" title=\"\" data-id=\"726\"\/><figcaption>Joseph and the Amazing technicolor Dreamcoat<\/figcaption><\/figure><\/div><div class=\"wp-block-themeisle-blocks-slider-item-wrapper glide__slide\" tabindex=\"0\"><figure><img decoding=\"async\" class=\"wp-block-themeisle-blocks-slider-item\" src=\"http:\/\/m-ravenstein.de\/wp-content\/uploads\/2024\/05\/dfcfbfdc-558a-4a9d-84e3-fdfbee232f86.jpeg\" alt=\"Joseph and the Amazing Technicolor Dreamcoat\" title=\"Joseph and the Amazing Technicolor Dreamcoat\" data-id=\"727\"\/><\/figure><\/div><\/div><div class=\"glide__bullets\" data-glide-el=\"controls[nav]\"><button class=\"glide__bullet\" data-glide-dir=\"=0\"><\/button><button class=\"glide__bullet\" data-glide-dir=\"=1\"><\/button><button class=\"glide__bullet\" data-glide-dir=\"=2\"><\/button><button class=\"glide__bullet\" data-glide-dir=\"=3\"><\/button><button class=\"glide__bullet\" data-glide-dir=\"=4\"><\/button><button class=\"glide__bullet\" data-glide-dir=\"=5\"><\/button><button class=\"glide__bullet\" data-glide-dir=\"=6\"><\/button><button class=\"glide__bullet\" data-glide-dir=\"=7\"><\/button><button class=\"glide__bullet\" data-glide-dir=\"=8\"><\/button><button class=\"glide__bullet\" data-glide-dir=\"=9\"><\/button><button class=\"glide__bullet\" data-glide-dir=\"=10\"><\/button><\/div><\/div><\/div>\n<\/div>\n<\/div><\/div>\n","protected":false},"excerpt":{"rendered":"","protected":false},"author":1,"featured_media":0,"parent":0,"menu_order":0,"comment_status":"closed","ping_status":"closed","template":"page-templates\/template-pagebuilder-full-width.php","meta":{"neve_meta_sidebar":"full-width","neve_meta_container":"contained","neve_meta_enable_content_width":"on","neve_meta_content_width":100,"neve_meta_title_alignment":"","neve_meta_author_avatar":"","neve_post_elements_order":"","neve_meta_disable_header":"","neve_meta_disable_footer":"","neve_meta_disable_title":"","_themeisle_gutenberg_block_has_review":false,"_ti_tpc_template_sync":false,"_ti_tpc_template_id":"5xgbsjwz4qqhs6tzzman","footnotes":""},"_links":{"self":[{"href":"https:\/\/m-ravenstein.de\/index.php?rest_route=\/wp\/v2\/pages\/536"}],"collection":[{"href":"https:\/\/m-ravenstein.de\/index.php?rest_route=\/wp\/v2\/pages"}],"about":[{"href":"https:\/\/m-ravenstein.de\/index.php?rest_route=\/wp\/v2\/types\/page"}],"author":[{"embeddable":true,"href":"https:\/\/m-ravenstein.de\/index.php?rest_route=\/wp\/v2\/users\/1"}],"replies":[{"embeddable":true,"href":"https:\/\/m-ravenstein.de\/index.php?rest_route=%2Fwp%2Fv2%2Fcomments&post=536"}],"version-history":[{"count":19,"href":"https:\/\/m-ravenstein.de\/index.php?rest_route=\/wp\/v2\/pages\/536\/revisions"}],"predecessor-version":[{"id":775,"href":"https:\/\/m-ravenstein.de\/index.php?rest_route=\/wp\/v2\/pages\/536\/revisions\/775"}],"wp:attachment":[{"href":"https:\/\/m-ravenstein.de\/index.php?rest_route=%2Fwp%2Fv2%2Fmedia&parent=536"}],"curies":[{"name":"wp","href":"https:\/\/api.w.org\/{rel}","templated":true}]}}